97
Let z(f) = f + 36. Let n be z(-27). What are the prime factors of 3/n - (-96454)/87?
1109
Let v = 1411 + -989. Suppose -11*g + v = -10*g. Suppose -3*m - 5*k + g + 288 = 0, 0 = 3*m - 5*k - 700. List the prime factors of m.
5, 47
List the prime factors of (-1399)/(((-3)/36)/((-4)/(-12))).
2, 1399
Let o(v) = -10*v**2 - 18*v + 6545. List the prime factors of o(0).
5, 7, 11, 17
Let c(r) = 896*r - 2270. List the prime factors of c(30).
2, 5, 23, 107
Let s(r) be the first derivative of 7*r**2/2 + 105*r + 29. List the prime factors of s(30).
3, 5, 7
Let w = 7 + -9. Let n(m) = -m**3 + 20*m**2 + 43*m + 26. Let c be n(22). What are the prime factors of c*(2 - 4)/w?
2
What are the prime factors of ((-11)/(220/45))/((-2)/59168*6)?
2, 3, 43
Suppose -17*q + 66989 = -607095. What are the prime factors of q?
2, 23, 431
Let c be (-21)/(-28) + 23/(-4). Let o be -1 + 1 + 1 - (-55)/c. List the prime factors of 35 - 1 - 11/(55/o).
2, 3
Let q = 17 + -24. Let a = -705 - -714. Let i = a - q. List the prime factors of i.
2
Let u(x) = -x**3 + 46*x**2 + 82*x - 44. What are the prime factors of u(42)?
2, 1307
Let n(j) = -j**3 - 7*j**2 + 9*j + 10. Let o be n(-8). Let t(v) = v**2 + 9*v + 29. Let u be t(-3). What are the prime factors of 105/o + u/(-22)?
2, 13
Suppose 3897*c = 3883*c + 5782. List the prime factors of c.
7, 59
Suppose -d - 4*a - 1825 = 145, 0 = -5*a + 25. Let o = 2913 + d. List the prime factors of o.
13, 71
Suppose 152*k - 74*k - 430848 = 61*k. List the prime factors of k.
2, 3, 11
Let m = -4 + 2. Let f(s) = -217*s - 14. What are the prime factors of f(m)?
2, 3, 5, 7
Suppose -8*l + 9*l = 5976. Suppose -22*s = -4*s - l. List the prime factors of s.
2, 83
Let s(u) = -u**2 - 32*u - 199. Let t be s(-14). Suppose -2*a = -2*k - 92, 5*k - 4*a + 117 = -114. Let m = k + t. What are the prime factors of m?
2, 3
Let w = 7633 - 5265. What are the prime factors of w?
2, 37
Let j be (-256)/(-6) - (-10)/(-15). Let p = j - -52. What are the prime factors of p?
2, 47
What are the prime factors of -12 - -8532 - (-3 + 9 + 2 + -7)?
7, 1217
Let q(k) = -k**2 + 3*k + 6. Let r be q(5). Let z be (-35)/r + -1 + 5/4. Suppose -3*i = -z, 6*s - 2*i = 5*s + 4. List the prime factors of s.
2, 5
Let i(q) = 3*q - 3. Let c be i(2). Suppose 2*b + 0*u = 4*u, c*b = -4*u. Suppose s + 4 = b, -4*s - 218 = -3*p + p. What are the prime factors of p?
101
Suppose 7146*u = 7204*u - 1099622. List the prime factors of u.
18959
Let b(c) = 11*c + 9. Suppose 0 = k - 41 + 50. Let f(p) = -p**3 - 10*p**2 - 11*p - 13. Let r be f(k). What are the prime factors of b(r)?
2
Let g be 61989*-2*7/(-42). Suppose 26*m - g = -8131. List the prime factors of m.
2, 241
What are the prime factors of ((-7025360)/1918)/((-2)/14)?
2, 5, 641
Suppose 0 = -83*j + 88*j - 3975. Let x = j - -187. List the prime factors of x.
2, 491
What are the prime factors of 197213160/11020 + 2/29?
2, 2237
Let a = 11412 + -7107. What are the prime factors of (30/35)/(-2 - (-8613)/a)?
2, 3, 5, 41
Let f(b) = 3*b - 1. Let r be f(14). What are the prime factors of (-3 - (-2 + 2))/((-3)/r)?
41
Suppose 11*r - 9*r - 254 = 0. Let s = 414 - r. Let h = s + -190. List the prime factors of h.
97
List the prime factors of -2*(-36)/(-16)*290028/(-54).
24169
Suppose 0 = -4*r + 20. Suppose 3*a - 7 - r = 0. Suppose 4*p - 202 = v, v + 204 = a*p - v. What are the prime factors of p?
2, 5
Let d(b) = b**3 - b**2 + b - 12. Let k = -36 + 36. Let v be d(k). Let s(c) = -9*c + 25. What are the prime factors of s(v)?
7, 19
Let k = 60948 - 36525. List the prime factors of k.
3, 7, 1163
Let t = 410 - 399. What are the prime factors of ((-963)/2)/(t/22*-1)?
3, 107
Suppose 510 = d + 182. Let s be (177/(-9) - -1)*(-2310)/616. Suppose -2*v + 504 = 4*g + s, 3*g = -v + d. List the prime factors of g.
3, 37
Let l = 2870 + 7290. What are the prime factors of l?
2, 5, 127
Let a be (16/(-6))/((-4)/6). Let n(r) = -r**3 - 11*r**2 - 3. Let g be n(-6). List the prime factors of g/(-9) + a/(-12).
2, 5
List the prime factors of ((-3176)/28)/(22/(-462)).
2, 3, 397
Let o(b) = 5*b**2 - 6. Let y(m) = 7*m**3 + m**2 - 1. Let d be y(-1). Let x be o(d). Let a = -4 + x. What are the prime factors of a?
5, 47
Suppose 5*w = -4*b + 42109, 2*w - 2795 = b + 14046. What are the prime factors of w?
3, 7, 401
Let h = -134 - -162. What are the prime factors of -4*(-662)/h + 18/42?
5, 19
Let x be 1/(-8)*6 - (-205)/(-4). Let p = 362 - x. What are the prime factors of p?
2, 3, 23
Let w(p) = -3*p + 4. Let l be w(-6). Let a = 23 - l. Let d(x) = 21*x. What are the prime factors of d(a)?
3, 7
Suppose -25*v + 24*v - 58 = -g, 3*v = -g + 66. Suppose b - 232 = 5*b. Let y = g + b. What are the prime factors of y?
2
List the prime factors of (101 + 721)/(3/191).
2, 137, 191
Let x = -26 + 25. Let v = -14 - -11. List the prime factors of x/2*438/v.
73
Let v = 17458 - 3995. List the prime factors of v.
13463
Suppose 0 = -244*t + 6553425 + 877351. List the prime factors of t.
2, 15227
Let r(v) = -v**2 + 22*v - 19. Let n be r(21). Suppose 5*t = -3*q + q + 1687, -3*t = n*q - 1013. List the prime factors of t.
337
Let w = 8 - 6. Let m(v) be the third derivative of v**5/12 - v**4/4 + v**3/3 - 9*v**2 - 47*v. What are the prime factors of m(w)?
2, 5
Suppose 6*v + 17857 = 7*v + l, v = 5*l + 17833. List the prime factors of v.
3, 11, 541
Suppose -43*o - 700930 + 95880 = -93*o. What are the prime factors of o?
12101
Let s be (-2)/(-1)*(-12)/(-1). What are the prime factors of 3/(-2)*(s - 248)?
2, 3, 7
Let v(i) = -11*i - 7*i**2 - 40*i**3 + 4*i**2 + 146 - 2*i**2 - 161. What are the prime factors of v(-3)?
3, 13
Suppose 3*a = 2*a + 8. Let t(p) = -p**2 + 13*p + 39. What are the prime factors of t(a)?
79
Let n = 15 + -13. Let l be (5 - -10)*(1 - n/3). Suppose x = -l*b + 15 + 18, -4*b = x - 33. List the prime factors of x.
3, 11
What are the prime factors of 2 - 8 - (-15)/((-240)/(-316352)) - 1?
5, 59, 67
Let v(i) = 9*i**3 + i**2 - 2*i - 2. Let p be v(-1). Let z be p + 4 - (-1 + 1). What are the prime factors of (2 - 0/(-1))/((-2)/z)?
2
Let b be 2*(-1 - (-3695)/10). Suppose -2*w - 5*d + 341 = -b, 0 = 4*d. What are the prime factors of w?
7, 11
Let l = 496 - 230. Suppose -4*i - l = -1038. What are the prime factors of i?
193
Let t(s) = 25*s + 27. Suppose -3*m - 2*f = 12, 0*f - 4*f + 18 = -m. Let d be t(m). Let c = -41 - d. What are the prime factors of c?
2, 41
Let v(s) = 245*s**2 - 62*s + 127. What are the prime factors of v(6)?
5, 7
Let r(a) = -a**3 + 34*a**2 + 16*a + 17. Let u be r(33). Let d = -1127 + u. List the prime factors of d.
3, 13
Suppose 15*i - 1588752 = -84*i. List the prime factors of i.
2, 17, 59
Let p(h) = 2*h**2 - 27*h + 7. Let u be p(8). Let l = 97 + u. List the prime factors of l.
2
Let c(q) = q**3 + 3*q**2 - 4*q + 3. Let i be c(-4). Suppose i*x = -3*v - v + 179, 2*x - v - 101 = 0. Suppose -6*k = x - 875. List the prime factors of k.
137
Let i = -51323 - -74453. List the prime factors of i.
2, 3, 5, 257
Let t(w) = -108*w + 1405. What are the prime factors of t(-29)?
13, 349
Let n = -1587 + 2689. Suppose 0 = -2*o + 4*g + 2930, g - 4803 - n = -4*o. List the prime factors of o.
5, 59
Let o = -52 + -56. Let h = 31 - o. List the prime factors of h.
139
Suppose 42*l - 39*l = 13*m - 578137, 4*m - l - 177889 = 0. What are the prime factors of m?
2, 5, 4447
Let d be (13508/3)/((-2)/45*-5). Suppose 30*i = -3*i + d. List the prime factors of i.
2, 307
Let c(s) = s**3 + 11*s**2 + 2*s - 2. Let g be c(-7). Suppose 5*m + 1167 = l + g, -4*m - 3996 = -4*l. List the prime factors of l/8 - 12/(-16).
2, 3, 7
What are the prime factors of (34640/120)/((-2)/(-12))?
2, 433
Suppose -4*c + 20990 = -3*m, 0 = 78*c - 83*c - 3*m + 26224. List the prime factors of c.
2, 43, 61
Suppose 5*c - 938 = 2*o + 4687, -8*c + o + 8989 = 0. List the prime factors of c.
1123
Let r(q) = 164*q**2 - q + 3. Let l = -277 - -275. What are the prime factors of r(l)?
661
Let r(q) = 447*q + 187. Let a be r(19). List the prime factors of a/49 + (-8)/56.
3, 59
Suppose 35 = -v - r, 0*r = -3*v + r - 109. Let z be 2/(-6) - (-24)/v. What are the prime factors of z + 3/(12/232)?
3, 19
Let g(u) = -2*u**3 - 4*u**2 + 11*u + 22. Let b be g(-7). Let p(s) = 46*s - 3. Let x be p(-5). Let n = x + b. What are the prime factors of n?
2, 101
Let w = 407 - -97. Suppose -w = -l + 5*u 